
List the prime factors of 1248.
2, 3, 13
List the prime factors of 1530.
2, 3, 5, 17
What are the prime factors of 718?
2, 359
What are the prime factors of 5620?
2, 5, 281
List the prime factors of 345.
3, 5, 23
What are the prime factors of 24?
2, 3
List the prime factors of 338.
2, 13
List the prime factors of 11330.
2, 5, 11, 103
List the prime factors of 7599.
3, 17, 149
What are the prime factors of 1688?
2, 211
List the prime factors of 29733.
3, 11, 17, 53
What are the prime factors of 293?
293
List the prime factors of 4503.
3, 19, 79
What are the prime factors of 475?
5, 19
What are the prime factors of 22719?
3, 7573
List the prime factors of 8069.
8069
What are the prime factors of 2793?
3, 7, 19
What are the prime factors of 1195?
5, 239
List the prime factors of 11931.
3, 41, 97
List the prime factors of 821.
821
List the prime factors of 9523.
89, 107
What are the prime factors of 1508?
2, 13, 29
What are the prime factors of 24795?
3, 5, 19, 29
What are the prime factors of 256?
2
List the prime factors of 1662.
2, 3, 277
What are the prime factors of 936?
2, 3, 13
List the prime factors of 23937.
3, 79, 101
What are the prime factors of 1344?
2, 3, 7
List the prime factors of 5982.
2, 3, 997
What are the prime factors of 12633?
3, 4211
What are the prime factors of 6103?
17, 359
List the prime factors of 12412.
2, 29, 107
List the prime factors of 75706.
2, 37853
List the prime factors of 56997.
3, 2111
What are the prime factors of 16813?
17, 23, 43
What are the prime factors of 988?
2, 13, 19
What are the prime factors of 1796?
2, 449
What are the prime factors of 25650?
2, 3, 5, 19
What are the prime factors of 47459?
47459
What are the prime factors of 56910?
2, 3, 5, 7, 271
What are the prime factors of 33?
3, 11
What are the prime factors of 5388?
2, 3, 449
List the prime factors of 72720.
2, 3, 5, 101
What are the prime factors of 7650?
2, 3, 5, 17
What are the prime factors of 1089?
3, 11
List the prime factors of 3731.
7, 13, 41
List the prime factors of 828.
2, 3, 23
List the prime factors of 290.
2, 5, 29
List the prime factors of 839.
839
List the prime factors of 957.
3, 11, 29
What are the prime factors of 5826?
2, 3, 971
What are the prime factors of 504?
2, 3, 7
List the prime factors of 688.
2, 43
What are the prime factors of 6901?
67, 103
What are the prime factors of 22216?
2, 2777
What are the prime factors of 131245?
5, 26249
What are the prime factors of 5718?
2, 3, 953
List the prime factors of 45.
3, 5
List the prime factors of 870.
2, 3, 5, 29
What are the prime factors of 1384?
2, 173
List the prime factors of 3567.
3, 29, 41
List the prime factors of 30428.
2, 7607
List the prime factors of 11495.
5, 11, 19
List the prime factors of 822.
2, 3, 137
List the prime factors of 1080.
2, 3, 5
List the prime factors of 15313.
15313
List the prime factors of 48282.
2, 3, 13, 619
List the prime factors of 39385.
5, 7877
List the prime factors of 2604.
2, 3, 7, 31
List the prime factors of 39841.
39841
What are the prime factors of 53018?
2, 7, 541
List the prime factors of 2742.
2, 3, 457
List the prime factors of 119.
7, 17
List the prime factors of 375.
3, 5
What are the prime factors of 168511?
7, 19, 181
What are the prime factors of 11033?
11, 17, 59
List the prime factors of 3191.
3191
What are the prime factors of 2514?
2, 3, 419
List the prime factors of 12444.
2, 3, 17, 61
List the prime factors of 2548.
2, 7, 13
List the prime factors of 275.
5, 11
List the prime factors of 480.
2, 3, 5
List the prime factors of 9955.
5, 11, 181
List the prime factors of 7020.
2, 3, 5, 13
List the prime factors of 1407.
3, 7, 67
What are the prime factors of 39921?
3, 7, 1901
What are the prime factors of 1075?
5, 43
What are the prime factors of 13229?
13229
List the prime factors of 2966.
2, 1483
List the prime factors of 8308.
2, 31, 67
List the prime factors of 3497.
13, 269
List the prime factors of 35079.
3, 11, 1063
List the prime factors of 96081.
3, 32027
What are the prime factors of 3957?
3, 1319
List the prime factors of 3525.
3, 5, 47
What are the prime factors of 4951?
4951
What are the prime factors of 20045?
5, 19, 211
List the prime factors of 187505.
5, 37501
What are the prime factors of 2157?
3, 719
What are the prime factors of 956?
2, 239
What are the prime factors of 1278?
2, 3, 71
What are the prime factors of 57501?
3, 6389
List the prime factors of 205.
5, 41
List the prime factors of 44388.
2, 3, 137
What are the prime factors of 17176?
2, 19, 113
List the prime factors of 24750.
2, 3, 5, 11
What are the prime factors of 4934?
2, 2467
What are the prime factors of 2626?
2, 13, 101
List the prime factors of 43179.
3, 37, 389
What are the prime factors of 2370?
2, 3, 5, 79
List the prime factors of 1144.
2, 11, 13
List the prime factors of 19981.
13, 29, 53
List the prime factors of 2670.
2, 3, 5, 89
What are the prime factors of 27178?
2, 107, 127
List the prime factors of 20801.
11, 31, 61
What are the prime factors of 76174?
2, 7, 5441
List the prime factors of 38981.
17, 2293
List the prime factors of 13106.
2, 6553
List the prime factors of 28806.
2, 3, 4801
List the prime factors of 35985.
3, 5, 2399
List the prime factors of 5480.
2, 5, 137
List the prime factors of 8889.
3, 2963
List the prime factors of 135.
3, 5
What are the prime factors of 591?
3, 197
List the prime factors of 7547.
7547
List the prime factors of 30861.
3, 127
What are the prime factors of 3673?
3673
List the prime factors of 2790.
2, 3, 5, 31
List the prime factors of 2042.
2, 1021
What are the prime factors of 25271?
37, 683
List the prime factors of 1411.
17, 83
List the prime factors of 468.
2, 3, 13
What are the prime factors of 409?
409
What are the prime factors of 24221?
53, 457
What are the prime factors of 1015?
5, 7, 29
List the prime factors of 2100.
2, 3, 5, 7
List the prime factors of 482.
2, 241
List the prime factors of 401.
401
List the prime factors of 1955.
5, 17, 23
What are the prime factors of 1879?
1879
List the prime factors of 1129.
1129
List the prime factors of 28044.
2, 3, 19, 41
List the prime factors of 2220.
2, 3, 5, 37
List the prime factors of 1469.
13, 113
What are the prime factors of 782?
2, 17, 23
What are the prime factors of 833?
7, 17
What are the prime factors of 8347?
17, 491
List the prime factors of 2496.
2, 3, 13
What are the prime factors of 2018?
2, 1009
What are the prime factors of 8220?
2, 3, 5, 137
What are the prime factors of 2549?
2549
What are the prime factors of 743?
743
What are the prime factors of 643?
643
What are the prime factors of 455?
5, 7, 13
List the prime factors of 3051.
3, 113
What are the prime factors of 30528?
2, 3, 53
List the prime factors of 357.
3, 7, 17
List the prime factors of 39244.
2, 9811
List the prime factors of 97701.
3, 29, 1123
What are the prime factors of 3791?
17, 223
List the prime factors of 18589.
29, 641
List the prime factors of 120131.
11, 67, 163
List the prime factors of 267.
3, 89
List the prime factors of 92513.
71, 1303
What are the prime factors of 41030?
2, 5, 11, 373
What are the prime factors of 1188?
2, 3, 11
What are the prime factors of 15671?
15671
What are the prime factors of 2514?
2, 3, 419
What are the prime factors of 21?
3, 7
What are the prime factors of 357?
3, 7, 17
What are the prime factors of 147179?
147179
List the prime factors of 280.
2, 5, 7
What are the prime factors of 1278?
2, 3, 71
What are the prime factors of 5349?
3, 1783
List the prime factors of 88434.
2, 3, 17
What are the prime factors of 85449?
3, 7, 13, 313
List the prime factors of 49755.
3, 5, 31, 107
What are the prime factors of 1571?
1571
List the prime factors of 2444.
2, 13, 47
What are the prime factors of 16109?
89, 181
List the prime factors of 9732.
2, 3, 811
List the prime factors of 4814.
2, 29, 83
List the prime factors of 23913.
3, 2657
What are the prime factors of 18670?
2, 5, 1867
List the prime factors of 30816.
2, 3, 107
What are the prime factors of 16959?
3, 5653
List the prime factors of 64029.
3, 7, 3049
What are the prime factors of 130?
2, 5, 13
List the prime factors of 705.
3, 5, 47
List the prime factors of 19825.
5, 13, 61
What are the prime factors of 242?
2, 11
List the prime factors of 